{"id":2391,"date":"2025-05-11T16:22:58","date_gmt":"2025-05-11T14:22:58","guid":{"rendered":"https:\/\/bayernrockt-kaninchenhilfe.de\/wordpress\/?page_id=2391"},"modified":"2025-08-09T18:15:03","modified_gmt":"2025-08-09T16:15:03","slug":"zuhause-gesucht","status":"publish","type":"page","link":"https:\/\/bayernrockt-kaninchenhilfe.de\/wordpress\/zuhause-gesucht\/","title":{"rendered":"Zuhause gesucht"},"content":{"rendered":"\n<p>Du suchst ein neues Zuhause f\u00fcr dein Kaninchen. Bitte gib hier alle n\u00f6tigen Informationen ein, dann erscheint dein Inserat, nach einer Pr\u00fcfung, auf unserer Seite &#8222;Privatvermittlungen&#8220;. Deine pers\u00f6nlichen Infos werden nat\u00fcrlich nicht ver\u00f6ffentlicht, sondern dienen ausschlie\u00dflich uns zur Kontaktaufnahme.<\/p>\n\n\n<div class=\"frm_forms  with_frm_style frm_style_formidable-stil\" id=\"frm_form_1_container\" >\n<form enctype=\"multipart\/form-data\" method=\"post\" class=\"frm-show-form  frm_pro_form \" id=\"form_pv\" >\n<div class=\"frm_form_fields \">\n<fieldset>\n<legend class=\"frm_screen_reader\">Privatvermittlung<\/legend>\r\n\r\n<div class=\"frm_fields_container\">\n<input type=\"hidden\" name=\"frm_action\" value=\"create\" \/>\n<input type=\"hidden\" name=\"form_id\" value=\"1\" \/>\n<input type=\"hidden\" name=\"frm_hide_fields_1\" id=\"frm_hide_fields_1\" value=\"\" \/>\n<input type=\"hidden\" name=\"form_key\" value=\"pv\" \/>\n<input type=\"hidden\" name=\"item_meta[0]\" value=\"\" \/>\n<input type=\"hidden\" id=\"frm_submit_entry_1\" name=\"frm_submit_entry_1\" value=\"8caf989538\" \/><input type=\"hidden\" name=\"_wp_http_referer\" value=\"\/wordpress\/wp-json\/wp\/v2\/pages\/2391\" \/><div id=\"frm_field_1_container\" class=\"frm_form_field form-field  frm_required_field frm_top_container frm_first\">\r\n\t<label for=\"field_qh4icy\" id=\"field_qh4icy_label\" class=\"frm_primary_label\">Vorname\r\n\t\t<span class=\"frm_required\" aria-hidden=\"true\">*<\/span>\r\n\t<\/label>\r\n\t<input  type=\"text\" id=\"field_qh4icy\" name=\"item_meta[1]\" value=\"\"  data-reqmsg=\"Vorname kann nicht leer sein.\" aria-required=\"true\" data-invmsg=\"Vorname ist ung\u00fcltig\" aria-invalid=\"false\"   \/>\r\n\t\r\n\t\r\n<\/div>\n<div id=\"frm_field_2_container\" class=\"frm_form_field form-field  frm_required_field frm_top_container frm_first\">\r\n\t<label for=\"field_ocfup1\" id=\"field_ocfup1_label\" class=\"frm_primary_label\">Nachname\r\n\t\t<span class=\"frm_required\" aria-hidden=\"true\">*<\/span>\r\n\t<\/label>\r\n\t<input  type=\"text\" id=\"field_ocfup1\" name=\"item_meta[2]\" value=\"\"  data-reqmsg=\"Nachname kann nicht leer sein.\" aria-required=\"true\" data-invmsg=\"Nachname ist ung\u00fcltig\" aria-invalid=\"false\"   \/>\r\n\t\r\n\t\r\n<\/div>\n<div id=\"frm_field_3_container\" class=\"frm_form_field form-field  frm_top_container frm_full\">\r\n\t<label for=\"field_29yf4d\" id=\"field_29yf4d_label\" class=\"frm_primary_label\">Email\r\n\t\t<span class=\"frm_required\" aria-hidden=\"true\"><\/span>\r\n\t<\/label>\r\n\t<input type=\"email\" id=\"field_29yf4d\" name=\"item_meta[3]\" value=\"\"  data-invmsg=\"Please enter a valid email address\" aria-invalid=\"false\"  \/>\r\n\t\r\n\t\r\n<\/div>\n<div id=\"frm_field_8_container\" class=\"frm_form_field form-field  frm_required_field frm_top_container\">\r\n\t<label for=\"field_4rnxs\" id=\"field_4rnxs_label\" class=\"frm_primary_label\">Telefon (Nummer ohne Leer- oder Sonderzeichen)\r\n\t\t<span class=\"frm_required\" aria-hidden=\"true\">*<\/span>\r\n\t<\/label>\r\n\t<input type=\"number\" id=\"field_4rnxs\" name=\"item_meta[8]\" value=\"\" data-reqmsg=\"Telefon (Nummer ohne Leer- oder Sonderzeichen) kann nicht leer sein.\" aria-required=\"true\" data-invmsg=\"Telefon (Nummer ohne Leer- oder Sonderzeichen) ist ung\u00fcltig\" aria-invalid=\"false\"   min=\"1\" max=\"9999999999999\" step=\"1\" \/>\r\n\t\r\n\t\r\n<\/div>\n<div id=\"frm_field_10_container\" class=\"frm_form_field form-field  frm_required_field frm_top_container\">\r\n\t<label for=\"field_pt7do\" id=\"field_pt7do_label\" class=\"frm_primary_label\">Postleitzahl\r\n\t\t<span class=\"frm_required\" aria-hidden=\"true\">*<\/span>\r\n\t<\/label>\r\n\t<input type=\"number\" id=\"field_pt7do\" name=\"item_meta[10]\" value=\"\" data-reqmsg=\"Postleitzahl kann nicht leer sein.\" aria-required=\"true\" data-invmsg=\"Postleitzahl ist ung\u00fcltig\" aria-invalid=\"false\"   min=\"01067\" max=\"99998\" step=\"any\" \/>\r\n\t\r\n\t\r\n<\/div>\n<div id=\"frm_field_24_container\" class=\"frm_form_field form-field  frm_required_field frm_top_container vertical_radio\">\r\n\t<div  id=\"field_a151t_label\" class=\"frm_primary_label\">Ich willige ein in die Datennutzung im Rahmen der Datenschutzgrundverordnung (DSGVO). Ich bin einverstanden, dass ich \u00fcber die angegebenen Kontakte von Bayern rockt Kaninchenhilfe e.V. angeschrieben werde.\r\n\t\t<span class=\"frm_required\" aria-hidden=\"true\">*<\/span>\r\n\t<\/div>\r\n\t<div class=\"frm_opt_container\" aria-labelledby=\"field_a151t_label\" role=\"radiogroup\" aria-required=\"true\">\t\t<div class=\"frm_radio\" id=\"frm_radio_24-0\">\t\t\t<label  for=\"field_a151t-0\">\n\t\t\t\t\t<input type=\"radio\" name=\"item_meta[24]\" id=\"field_a151t-0\" value=\"Einverstanden\"\n\t\t data-reqmsg=\"Ich willige ein in die Datennutzung im Rahmen der Datenschutzgrundverordnung (DSGVO). Ich bin einverstanden, dass ich \u00fcber die angegebenen Kontakte von Bayern rockt Kaninchenhilfe e.V. angeschrieben werde. kann nicht leer sein.\" data-invmsg=\"Ich willige ein in die Datennutzung im Rahmen der Datenschutzgrundverordnung (DSGVO). Ich bin einverstanden, dass ich \u00fcber die angegebenen Kontakte von Bayern rockt Kaninchenhilfe e.V. angeschrieben werde. ist ung\u00fcltig\"   \/> Einverstanden<\/label><\/div>\n<\/div>\r\n\t\r\n\t\r\n<\/div>\n<div id=\"frm_field_4_container\" class=\"frm_form_field form-field  frm_required_field frm_top_container frm_full\">\r\n\t<label for=\"field_e6lis6\" id=\"field_e6lis6_label\" class=\"frm_primary_label\">Name des Kaninchens\r\n\t\t<span class=\"frm_required\" aria-hidden=\"true\">*<\/span>\r\n\t<\/label>\r\n\t<input  type=\"text\" id=\"field_e6lis6\" name=\"item_meta[4]\" value=\"\"  data-reqmsg=\"Name des Kaninchens kann nicht leer sein.\" aria-required=\"true\" data-invmsg=\"Name des Kaninchens ist ung\u00fcltig\" aria-invalid=\"false\"   \/>\r\n\t\r\n\t\r\n<\/div>\n<div id=\"frm_field_19_container\" class=\"frm_form_field form-field  frm_required_field frm_top_container\">\r\n\t<label for=\"field_6auoe\" id=\"field_6auoe_label\" class=\"frm_primary_label\">Geburtsdatum oder Alter\r\n\t\t<span class=\"frm_required\" aria-hidden=\"true\">*<\/span>\r\n\t<\/label>\r\n\t<input  type=\"text\" id=\"field_6auoe\" name=\"item_meta[19]\" value=\"\"  data-reqmsg=\"Geburtsdatum oder Alter kann nicht leer sein.\" aria-required=\"true\" data-invmsg=\"Geburtsdatum oder Alter ist ung\u00fcltig\" aria-invalid=\"false\"   \/>\r\n\t\r\n\t\r\n<\/div>\n<div id=\"frm_field_16_container\" class=\"frm_form_field form-field  frm_required_field frm_top_container vertical_radio\">\r\n\t<div  id=\"field_i392o_label\" class=\"frm_primary_label\">Geschlecht?\r\n\t\t<span class=\"frm_required\" aria-hidden=\"true\">*<\/span>\r\n\t<\/div>\r\n\t<div class=\"frm_opt_container\" aria-labelledby=\"field_i392o_label\" role=\"radiogroup\" aria-required=\"true\">\t\t<div class=\"frm_radio\" id=\"frm_radio_16-0\">\t\t\t<label  for=\"field_i392o-0\">\n\t\t\t\t\t<input type=\"radio\" name=\"item_meta[16]\" id=\"field_i392o-0\" value=\"m\u00e4nnlich\"\n\t\t data-reqmsg=\"Geschlecht? kann nicht leer sein.\" data-invmsg=\"Geschlecht? ist ung\u00fcltig\"   \/> m\u00e4nnlich<\/label><\/div>\n\t\t<div class=\"frm_radio\" id=\"frm_radio_16-1\">\t\t\t<label  for=\"field_i392o-1\">\n\t\t\t\t\t<input type=\"radio\" name=\"item_meta[16]\" id=\"field_i392o-1\" value=\"weiblich\"\n\t\t data-reqmsg=\"Geschlecht? kann nicht leer sein.\" data-invmsg=\"Geschlecht? ist ung\u00fcltig\"   \/> weiblich<\/label><\/div>\n<\/div>\r\n\t\r\n\t\r\n<\/div>\n<div id=\"frm_field_17_container\" class=\"frm_form_field form-field  frm_required_field frm_top_container vertical_radio\">\r\n\t<div  id=\"field_4620f_label\" class=\"frm_primary_label\">Kastriert?\r\n\t\t<span class=\"frm_required\" aria-hidden=\"true\">*<\/span>\r\n\t<\/div>\r\n\t<div class=\"frm_opt_container\" aria-labelledby=\"field_4620f_label\" role=\"radiogroup\" aria-required=\"true\">\t\t<div class=\"frm_radio\" id=\"frm_radio_17-0\">\t\t\t<label  for=\"field_4620f-0\">\n\t\t\t\t\t<input type=\"radio\" name=\"item_meta[17]\" id=\"field_4620f-0\" value=\"Ja\"\n\t\t data-reqmsg=\"Kastriert? kann nicht leer sein.\" data-invmsg=\"Kastriert? ist ung\u00fcltig\"   \/> Ja<\/label><\/div>\n\t\t<div class=\"frm_radio\" id=\"frm_radio_17-1\">\t\t\t<label  for=\"field_4620f-1\">\n\t\t\t\t\t<input type=\"radio\" name=\"item_meta[17]\" id=\"field_4620f-1\" value=\"Nein\"\n\t\t data-reqmsg=\"Kastriert? kann nicht leer sein.\" data-invmsg=\"Kastriert? ist ung\u00fcltig\"   \/> Nein<\/label><\/div>\n<\/div>\r\n\t\r\n\t\r\n<\/div>\n<div id=\"frm_field_22_container\" class=\"frm_form_field form-field  frm_required_field frm_top_container\">\r\n\t<label for=\"field_qpv3s\" id=\"field_qpv3s_label\" class=\"frm_primary_label\">Gewicht des Kaninchens, ungef\u00e4hr.\r\n\t\t<span class=\"frm_required\" aria-hidden=\"true\">*<\/span>\r\n\t<\/label>\r\n\t<input  type=\"text\" id=\"field_qpv3s\" name=\"item_meta[22]\" value=\"\"  data-reqmsg=\"Gewicht des Kaninchens, ungef\u00e4hr. kann nicht leer sein.\" aria-required=\"true\" data-invmsg=\"Gewicht des Kaninchens, ungef\u00e4hr. ist ung\u00fcltig\" aria-invalid=\"false\"   \/>\r\n\t\r\n\t\r\n<\/div>\n<div id=\"frm_field_11_container\" class=\"frm_form_field form-field  frm_required_field frm_top_container vertical_radio\">\r\n\t<div  id=\"field_zrw53_label\" class=\"frm_primary_label\">Ist die Impfung aktuell? (Bei Nobivac Myxo-RHD PLUS 1 Jahr, sonst 6 Monate)\r\n\t\t<span class=\"frm_required\" aria-hidden=\"true\">*<\/span>\r\n\t<\/div>\r\n\t<div class=\"frm_opt_container\" aria-labelledby=\"field_zrw53_label\" role=\"radiogroup\" aria-required=\"true\">\t\t<div class=\"frm_radio\" id=\"frm_radio_11-0\">\t\t\t<label  for=\"field_zrw53-0\">\n\t\t\t\t\t<input type=\"radio\" name=\"item_meta[11]\" id=\"field_zrw53-0\" value=\"Ja\"\n\t\t data-reqmsg=\"Ist die Impfung aktuell? (Bei Nobivac Myxo-RHD PLUS 1 Jahr, sonst 6 Monate) kann nicht leer sein.\" data-invmsg=\"Ist die Impfung aktuell? (Bei Nobivac Myxo-RHD PLUS 1 Jahr, sonst 6 Monate) ist ung\u00fcltig\"   \/> Ja<\/label><\/div>\n\t\t<div class=\"frm_radio\" id=\"frm_radio_11-1\">\t\t\t<label  for=\"field_zrw53-1\">\n\t\t\t\t\t<input type=\"radio\" name=\"item_meta[11]\" id=\"field_zrw53-1\" value=\"Nein\"\n\t\t data-reqmsg=\"Ist die Impfung aktuell? (Bei Nobivac Myxo-RHD PLUS 1 Jahr, sonst 6 Monate) kann nicht leer sein.\" data-invmsg=\"Ist die Impfung aktuell? (Bei Nobivac Myxo-RHD PLUS 1 Jahr, sonst 6 Monate) ist ung\u00fcltig\"   \/> Nein<\/label><\/div>\n<\/div>\r\n\t\r\n\t\r\n<\/div>\n<div id=\"frm_field_12_container\" class=\"frm_form_field form-field  frm_required_field frm_top_container vertical_radio\">\r\n\t<div  id=\"field_ktv5n_label\" class=\"frm_primary_label\">Ist der EC-Status bekannt? (Encephaltozoonose)\r\n\t\t<span class=\"frm_required\" aria-hidden=\"true\">*<\/span>\r\n\t<\/div>\r\n\t<div class=\"frm_opt_container\" aria-labelledby=\"field_ktv5n_label\" role=\"radiogroup\" aria-required=\"true\">\t\t<div class=\"frm_radio\" id=\"frm_radio_12-0\">\t\t\t<label  for=\"field_ktv5n-0\">\n\t\t\t\t\t<input type=\"radio\" name=\"item_meta[12]\" id=\"field_ktv5n-0\" value=\"Nicht bekannt\"\n\t\t data-reqmsg=\"Ist der EC-Status bekannt? (Encephaltozoonose) kann nicht leer sein.\" data-invmsg=\"Ist der EC-Status bekannt? (Encephaltozoonose) ist ung\u00fcltig\"   \/> Nicht bekannt<\/label><\/div>\n\t\t<div class=\"frm_radio\" id=\"frm_radio_12-1\">\t\t\t<label  for=\"field_ktv5n-1\">\n\t\t\t\t\t<input type=\"radio\" name=\"item_meta[12]\" id=\"field_ktv5n-1\" value=\"EC negativ\"\n\t\t data-reqmsg=\"Ist der EC-Status bekannt? (Encephaltozoonose) kann nicht leer sein.\" data-invmsg=\"Ist der EC-Status bekannt? (Encephaltozoonose) ist ung\u00fcltig\"   \/> EC negativ<\/label><\/div>\n\t\t<div class=\"frm_radio\" id=\"frm_radio_12-2\">\t\t\t<label  for=\"field_ktv5n-2\">\n\t\t\t\t\t<input type=\"radio\" name=\"item_meta[12]\" id=\"field_ktv5n-2\" value=\"EC positiv\"\n\t\t data-reqmsg=\"Ist der EC-Status bekannt? (Encephaltozoonose) kann nicht leer sein.\" data-invmsg=\"Ist der EC-Status bekannt? (Encephaltozoonose) ist ung\u00fcltig\"   \/> EC positiv<\/label><\/div>\n<\/div>\r\n\t\r\n\t\r\n<\/div>\n<div id=\"frm_field_20_container\" class=\"frm_form_field form-field  frm_required_field frm_top_container vertical_radio\">\r\n\t<div  id=\"field_e0zg9_label\" class=\"frm_primary_label\">Welche Haltung wird empfohlen bzw. ist m\u00f6glich?\r\n\t\t<span class=\"frm_required\" aria-hidden=\"true\">*<\/span>\r\n\t<\/div>\r\n\t<div class=\"frm_opt_container\" aria-labelledby=\"field_e0zg9_label\" role=\"group\">\t\t<div class=\"frm_checkbox\" id=\"frm_checkbox_20-0\">\t\t\t<label  for=\"field_e0zg9-0\">\n\t\t\t<input type=\"checkbox\" name=\"item_meta[20][]\" id=\"field_e0zg9-0\" value=\"Au\u00dfenhaltung\"  data-reqmsg=\"Welche Haltung wird empfohlen bzw. ist m\u00f6glich? kann nicht leer sein.\" data-invmsg=\"Welche Haltung wird empfohlen bzw. ist m\u00f6glich? ist ung\u00fcltig\"   aria-required=\"true\"  \/> Au\u00dfenhaltung<\/label><\/div>\n\t\t<div class=\"frm_checkbox\" id=\"frm_checkbox_20-1\">\t\t\t<label  for=\"field_e0zg9-1\">\n\t\t\t<input type=\"checkbox\" name=\"item_meta[20][]\" id=\"field_e0zg9-1\" value=\"Innenhaltung\"  data-reqmsg=\"Welche Haltung wird empfohlen bzw. ist m\u00f6glich? kann nicht leer sein.\" data-invmsg=\"Welche Haltung wird empfohlen bzw. ist m\u00f6glich? ist ung\u00fcltig\"   \/> Innenhaltung<\/label><\/div>\n<\/div>\r\n\t\r\n\t\r\n<\/div>\n<div id=\"frm_field_5_container\" class=\"frm_form_field form-field  frm_required_field frm_top_container frm_full\">\r\n\t<label for=\"field_9jv0r1\" id=\"field_9jv0r1_label\" class=\"frm_primary_label\">Charakterbeschreibung des Kaninchens\r\n\t\t<span class=\"frm_required\" aria-hidden=\"true\">*<\/span>\r\n\t<\/label>\r\n\t<textarea data-auto-grow=\"1\"  name=\"item_meta[5]\" id=\"field_9jv0r1\"  data-reqmsg=\"Charakterbeschreibung des Kaninchens kann nicht leer sein.\" aria-required=\"true\" data-invmsg=\"Charakterbeschreibung des Kaninchens ist ung\u00fcltig\" aria-invalid=\"false\"  ><\/textarea><div class=\"frm_pro_max_limit_desc\" data-max=\"2000\" data-max-type=\"char\"><span id=\"frm_pro_content_length_5\">0<\/span> von 2000 max Zeichen<\/div>\r\n\t\r\n\t\r\n<\/div>\n<div id=\"frm_field_23_container\" class=\"frm_form_field form-field  frm_required_field frm_top_container\">\r\n\t<label for=\"field_xodzq\" id=\"field_xodzq_label\" class=\"frm_primary_label\">Gibt es bekannte Erkrankungen oder Auff\u00e4lligkeiten?\r\n\t\t<span class=\"frm_required\" aria-hidden=\"true\">*<\/span>\r\n\t<\/label>\r\n\t<input  type=\"text\" id=\"field_xodzq\" name=\"item_meta[23]\" value=\"\"  data-reqmsg=\"Gibt es bekannte Erkrankungen oder Auff\u00e4lligkeiten? kann nicht leer sein.\" aria-required=\"true\" data-invmsg=\"Gibt es bekannte Erkrankungen oder Auff\u00e4lligkeiten? ist ung\u00fcltig\" aria-invalid=\"false\"   \/>\r\n\t\r\n\t\r\n<\/div>\n<div id=\"frm_field_7_container\" class=\"frm_form_field form-field  frm_required_field frm_top_container\">\r\n\t<label for=\"field_l6lxo\" id=\"field_l6lxo_label\" class=\"frm_primary_label\">Foto hochladen (jpg, jpeg, png) &#8211; maximal 2 Bilder\r\n\t\t<span class=\"frm_required\" aria-hidden=\"true\">*<\/span>\r\n\t<\/label>\r\n\t<input type=\"hidden\"  data-reqmsg=\"Foto hochladen (jpg, jpeg, png) - maximal 2 Bilder kann nicht leer sein.\" data-invmsg=\"Foto hochladen (jpg, jpeg, png) - maximal 2 Bilder ist ung\u00fcltig\" aria-invalid=\"false\"   name=\"item_meta[7][]\"  data-reqmsg=\"Foto hochladen (jpg, jpeg, png) - maximal 2 Bilder kann nicht leer sein.\"  value=\"\" data-frmfile=\"7\" \/>\n\n<div class=\"frm_dropzone frm_multi_upload frm_clearfix\" id=\"file7_dropzone\" role=\"group\" >\n\t<div class=\"fallback\">\n\t\t<input type=\"file\" name=\"file7[]\" id=\"field_l6lxo\"\n\t\t\t data-frmfile=\"7\" multiple=\"multiple\"  data-reqmsg=\"Foto hochladen (jpg, jpeg, png) - maximal 2 Bilder kann nicht leer sein.\" data-invmsg=\"Foto hochladen (jpg, jpeg, png) - maximal 2 Bilder ist ung\u00fcltig\" aria-invalid=\"false\"  \t\t\t\/>\n\t\t\t\t<div class=\"frm_clearfix \"><\/div>\n\t<\/div>\n\t<div class=\"dz-message needsclick\">\n\t\t\t\t<svg  viewBox=\"0 0 18 18\" class=\"frmsvg frm-svg-icon\">\n\t<path viewBox=\"0 0 18 18\" fill-rule=\"evenodd\" clip-rule=\"evenodd\" d=\"M8.2 4v8a.8.8 0 001.5 0V4l2.1 2.2A.7.7 0 1013 5L9.5 1.7a.7.7 0 00-1.1 0L5.1 5.2a.8.8 0 001 1l2.1-2zm7.6 4.3c.4 0 .7.3.7.7v6.8c0 .4-.3.7-.8.7H2.3a.8.8 0 01-.8-.8V9A.8.8 0 013 9v6h12V9c0-.4.3-.8.8-.8z\"><\/path>\n<\/svg>\t\t<span class=\"frm_upload_text\"><button type=\"button\" aria-label=\"Foto hochladen (jpg, jpeg, png) - maximal 2 Bilder. Zum Hochladen Datei hier ablegen oder auf den Button klicken.. Maximale Dateigr\u00f6\u00dfe: 67.11MB\">Zum Hochladen Datei hier ablegen oder auf den Button klicken.<\/button><\/span>\n\t\t<span class=\"frm_compact_text\"><button type=\"button\" aria-label=\"Foto hochladen (jpg, jpeg, png) - maximal 2 Bilder. Datei w\u00e4hlen. Maximale Dateigr\u00f6\u00dfe: 67.11MB\">Datei w\u00e4hlen<\/button><\/span>\n\t\t<div class=\"frm_small_text\">\n\t\t\t<p>Maximale Dateigr\u00f6\u00dfe: 67.11MB<\/p>\n\t\t<\/div>\n\t<\/div>\n<\/div>\n\t\r\n\t\r\n\t\r\n<\/div>\n\t\t<input  type=\"hidden\" name=\"item_meta[14]\" id=\"field_dtnsr\" value=\"\"     \/>\n\t\t<div id=\"frm_field_6_container\" class=\"frm_form_field form-field \">\r\n\t<div class=\"frm_submit frm_flex\">\r\n<button class=\"frm_button_submit frm_final_submit\" type=\"submit\"   formnovalidate=\"formnovalidate\">Senden<\/button>\r\n\r\n\r\n\r\n<\/div>\r\n<\/div>\n\t<input type=\"hidden\" name=\"item_key\" value=\"\" \/>\n\t\t\t<div id=\"frm_field_31_container\">\n\t\t\t<label for=\"field_6rfcb\" >\n\t\t\t\tFalls Du menschlich bist, lasse dieses Feld leer.\t\t\t<\/label>\n\t\t\t<input  id=\"field_6rfcb\" type=\"text\" class=\"frm_form_field form-field frm_verify\" name=\"item_meta[31]\" value=\"\"  \/>\n\t\t<\/div>\n\t\t<input name=\"frm_state\" type=\"hidden\" value=\"27tIfdhs5nuZAxJors3xNUONE0cGuosSRo\/9TW7hJmoKF1VsJWz4euOJ3PDWBnHh\" \/><\/div>\n<\/fieldset>\n<\/div>\n\n<\/form>\n<\/div>\n","protected":false},"excerpt":{"rendered":"<p>Du suchst ein neues Zuhause f\u00fcr dein Kaninchen. Bitte gib hier alle n\u00f6tigen Informationen ein, dann erscheint dein Inserat, nach einer Pr\u00fcfung, auf unserer Seite &#8222;Privatvermittlungen&#8220;. Deine pers\u00f6nlichen Infos werden nat\u00fcrlich nicht ver\u00f6ffentlicht, sondern dienen ausschlie\u00dflich uns zur Kontaktaufnahme.<\/p>\n","protected":false},"author":1,"featured_media":0,"parent":0,"menu_order":0,"comment_status":"closed","ping_status":"closed","template":"","meta":{"footnotes":""},"class_list":["post-2391","page","type-page","status-publish","hentry"],"_links":{"self":[{"href":"https:\/\/bayernrockt-kaninchenhilfe.de\/wordpress\/wp-json\/wp\/v2\/pages\/2391","targetHints":{"allow":["GET"]}}],"collection":[{"href":"https:\/\/bayernrockt-kaninchenhilfe.de\/wordpress\/wp-json\/wp\/v2\/pages"}],"about":[{"href":"https:\/\/bayernrockt-kaninchenhilfe.de\/wordpress\/wp-json\/wp\/v2\/types\/page"}],"author":[{"embeddable":true,"href":"https:\/\/bayernrockt-kaninchenhilfe.de\/wordpress\/wp-json\/wp\/v2\/users\/1"}],"replies":[{"embeddable":true,"href":"https:\/\/bayernrockt-kaninchenhilfe.de\/wordpress\/wp-json\/wp\/v2\/comments?post=2391"}],"version-history":[{"count":4,"href":"https:\/\/bayernrockt-kaninchenhilfe.de\/wordpress\/wp-json\/wp\/v2\/pages\/2391\/revisions"}],"predecessor-version":[{"id":2743,"href":"https:\/\/bayernrockt-kaninchenhilfe.de\/wordpress\/wp-json\/wp\/v2\/pages\/2391\/revisions\/2743"}],"wp:attachment":[{"href":"https:\/\/bayernrockt-kaninchenhilfe.de\/wordpress\/wp-json\/wp\/v2\/media?parent=2391"}],"curies":[{"name":"wp","href":"https:\/\/api.w.org\/{rel}","templated":true}]}}