{"id":31,"date":"2024-02-05T20:06:44","date_gmt":"2024-02-05T19:06:44","guid":{"rendered":"https:\/\/www.bayernrockt-kaninchenhilfe.de\/wordpress\/?page_id=31"},"modified":"2025-05-01T19:07:35","modified_gmt":"2025-05-01T17:07:35","slug":"haltungpflege","status":"publish","type":"page","link":"https:\/\/bayernrockt-kaninchenhilfe.de\/wordpress\/haltungpflege\/","title":{"rendered":"Haltung+Pflege"},"content":{"rendered":"\n<p>Vielen Menschen ist die artgerechte Haltung von Kaninchen leider nicht bekannt. Denn eigentlich sollten die Kaninchen frei in gro\u00dfen Gruppen leben. Die domestizierten Tiere haben dazu leider keine M\u00f6glichkeit. Deswegen m\u00fcssen wir, als Halter, einspringen und ihnen das bestm\u00f6gliche Leben geben. Auch Kaninchen sind keine Tiere \u201ezweiter Klasse\u201c. Unsere Lieblinge werden oft alleine und in viel zu kleinen St\u00e4llen oder K\u00e4figen gehalten \u2013 ohne Platz zum Toben und Buddeln, ohne Artgenossen zum Putzen und Kuscheln.<br>Wer aber einmal gl\u00fcckliche Kaninchen beobachten konnte, wie sie ihre Luftspr\u00fcnge vollziehen, wei\u00df, wie wichtig die richtige Haltung ist. Jedes Kaninchen hat ein Recht auf ein gl\u00fcckliches und artgerechtes Leben.<\/p>\n\n\n\n<h2 class=\"wp-block-heading\">Niemals allein!<\/h2>\n\n\n\n<p>Kaninchen leben am liebsten in Gruppen, so auch in der Natur. Sie kommunizieren, kuscheln und putzen sich gegenseitig. Deshalb sollte man Kaninchen immer mindestens zu zweit, oder in Gruppen halten.<\/p>\n\n\n\n<h2 class=\"wp-block-heading\">Viel Platz und Auslauf!<\/h2>\n\n\n\n<p>Kaninchen rennen, springen, buddeln und verstecken sich. Dazu ben\u00f6tigen sie Platz.<br>Es sollten mindesten <strong>6 qm f\u00fcr 2 Zwerge, plus 20% f\u00fcr jedes weitere Tier<\/strong>, vorhanden sein. Am besten mit zus\u00e4tzlichem Auslauf. Gr\u00f6\u00dfere Rassen brauchen entsprechend mehr Platz.<br>Kaninchen k\u00f6nnen drau\u00dfen oder auch in der Wohnung gehalten werden. Auch ein artgerechtes Leben drinnen ist m\u00f6glich, wenn man ein bisschen was beachtet und bereit ist, darauf einzugehen.<\/p>\n\n\n\n<h2 class=\"wp-block-heading\">Sicherheit<\/h2>\n\n\n\n<p>Kaninchen in Au\u00dfenhaltung brauchen ein Gehege, das von allen Seiten entsprechend mit feuerverzinktem, punktgeschwei\u00dftem Volierendraht umz\u00e4unt ist.<br>Drahtst\u00e4rke immer mindestens 1,2mm, Maschenweite maximal 1,9&#215;1,9cm.<br>Die Bodensicherung ist ein ebenso wichtig. Beispielsweise kann man Draht im Boden, tief genug, vergraben oder Steinplatten verlegen. Zum Schutz der empfindlichen Pf\u00f6tchen (Hinterl\u00e4ufe) sollten hier aber zus\u00e4tzlich Einstreu oder Teppiche benutzt werden.<\/p>\n\n\n\n<p><em>Wichtig beim Gehege:<\/em><\/p>\n\n\n\n<ul class=\"wp-block-list\">\n<li>Schutzh\u00fctte\/Schutzbereich<\/li>\n\n\n\n<li>Wind- und wettergesch\u00fctzt und ohne \u201eZug\u201c (als R\u00fcckzugsort mit Stroh und Heu)<\/li>\n\n\n\n<li>Klokiste (Kaninchen k\u00f6nnen stubenrein werden)<\/li>\n\n\n\n<li>Futterschalen, Heuraufen (mit Deckel um ein H\u00e4ngenbleiben zu vermeiden)<\/li>\n\n\n\n<li>Wassernapf (keine Nippeltr\u00e4nke! Falsche Kopfhaltung, Keime)<\/li>\n\n\n\n<li>Besch\u00e4ftigung anbieten (Buddelm\u00f6glichkeit, H\u00e4uschen, Tunnel etc.)<\/li>\n<\/ul>\n\n\n\n<p>Kaninchen gelten als pflegeleicht, jedoch sind sie das nicht \u2013 im Gegenteil. Sie bed\u00fcrfen (teils intensiver) Aufmerksamkeit.<\/p>\n\n\n\n<h2 class=\"wp-block-heading has-text-align-center has-large-font-size\"><strong>Hier ein kurzer \u00dcberblick auf was man bei den M\u00fcmmelm\u00e4nnern achten sollte<\/strong><\/h2>\n\n\n\n<figure class=\"wp-block-table\"><table><tbody><tr><td>Nase und Augen:<\/td><td>Trocken und gl\u00e4nzend, oder feucht, verklebt und tr\u00fcb?<\/td><\/tr><tr><td>Fell:<\/td><td>liegt es gut an, gl\u00e4nzt und ist sauber?<\/td><\/tr><tr><td>Fellwechsel:<\/td><td>bei bestimmten Rassen ist t\u00e4gliches B\u00fcrsten n\u00f6tig, um Haaransammlungen (Bezoar) im Magen zu minimieren.<\/td><\/tr><tr><td>F\u00fctterung:<\/td><td>Kommt das Kaninchen wie gewohnt zu einem? Wie frisst und kaut es?<\/td><\/tr><tr><td>Kot-\/Urinabsatz:<\/td><td>Ist der Kot normal und auch der Urin?<\/td><\/tr><tr><td>Verhalten:<\/td><td>Ist das Verhalten normal, oder ist es viel ruhiger oder auch unruhiger als gewohnt?<\/td><\/tr><tr><td>Abtasten des K\u00f6rpers:<\/td><td>Fallen dickere Stellen auf (Abszess, Bl\u00e4hung, etc.)?<\/td><\/tr><tr><td>Po\/Geschlechtsecken:<\/td><td>T\u00e4gliche Kontrolle! Sind Fliegeneier, Fliegenmaden vorhanden? -&gt; Notfall -&gt; Tierarzt<\/td><\/tr><tr><td>Sommer im Garten:<\/td><td>Absuchen nach Zecken und ggf. Maden<\/td><\/tr><tr><td>Gewichtskontrolle:<\/td><td>Verliert das Kaninchen Gewicht, oder nimmt es stetig zu?<\/td><\/tr><tr><td>Fell und Haut:<\/td><td>Sind Knoten im Fell, die Haut schuppig oder ger\u00f6tet?<\/td><\/tr><tr><td>Ohren:<\/td><td>Sehen sie von innen sauber aus und riechen gut? (Widderkaninchen neigen zu Ohrenentz\u00fcndungen)<\/td><\/tr><tr><td>Krallen:<\/td><td>Sind diese zu lang, dann k\u00fcrzen (k\u00fcrzen lassen beim Tierarzt), oder abgebrochen?<\/td><\/tr><tr><td>Pfoten:<\/td><td>Ist das Fell dicht, oder gibt es kahle oder sogar wunde Stellen?<\/td><\/tr><tr><td>Z\u00e4hne:<\/td><td>Sind die Vorderz\u00e4hne normal lang, gerade und wie ist die Farbe?<\/td><\/tr><tr><td>Fell (Langhaar):<\/td><td>Im Sommer ggf. stutzen, vor allem am Afterbereich, damit es zu keinen Verklebungen kommt.<br>Dazu bitte auch den Artikel zu <a href=\"https:\/\/bayernrockt-kaninchenhilfe.de\/wordpress\/fliegenmaden\/\" data-type=\"page\" data-id=\"1707\">Gefahr von Fliegenmaden-Befall<\/a> anschauen!<\/td><\/tr><\/tbody><\/table><\/figure>\n\n\n\n<p>Wenn man sich mit den Kaninchen mal \u201eangefreundet\u201c hat und wei\u00df, wie diese sind, dann geht so ein \u201eround-about\u201c-Check ganz schnell. Wenn man sich nicht sicher ist oder sich gewisse Dinge nicht zutraut, sollte man sich nat\u00fcrlich immer Rat bei einem Tierarzt einholen.<\/p>\n\n\n<div class=\"printfriendly pf-button  pf-alignright\">\n                    <a href=\"#\" rel=\"nofollow\" onclick=\"window.print(); return false;\" title=\"Printer Friendly, PDF & Email\">\n                    <img decoding=\"async\" class=\"pf-button-img\" src=\"https:\/\/cdn.printfriendly.com\/buttons\/print-button.png\" alt=\"Print Friendly, PDF & Email\" style=\"width: 66px;height: 24px;\"  \/>\n                    <\/a>\n                <\/div>\n\n\n\n<p>Wichtige Informationen sind auch hier zu finden:<\/p>\n\n\n\n<p><a href=\"https:\/\/www.tierschutz-tvt.de\/alle-merkblaetter-und-stellungnahmen\/#c270\" target=\"_blank\" rel=\"noreferrer noopener\"><strong>Ver\u00f6ffentlichungen der Tier\u00e4rztlichen Vereinigung f\u00fcr Tierschutz e.V.<\/strong><\/a><\/p>\n","protected":false},"excerpt":{"rendered":"<p>Vielen Menschen ist die artgerechte Haltung von Kaninchen leider nicht bekannt. Denn eigentlich sollten die Kaninchen frei in gro\u00dfen Gruppen leben. Die domestizierten Tiere haben dazu leider keine M\u00f6glichkeit. Deswegen m\u00fcssen wir, als Halter, einspringen und ihnen das bestm\u00f6gliche Leben geben. Auch Kaninchen sind keine Tiere \u201ezweiter Klasse\u201c. Unsere Lieblinge werden oft alleine und in [&hellip;]<\/p>\n","protected":false},"author":1,"featured_media":0,"parent":0,"menu_order":60,"comment_status":"closed","ping_status":"closed","template":"","meta":{"footnotes":""},"class_list":["post-31","page","type-page","status-publish","hentry"],"_links":{"self":[{"href":"https:\/\/bayernrockt-kaninchenhilfe.de\/wordpress\/wp-json\/wp\/v2\/pages\/31","targetHints":{"allow":["GET"]}}],"collection":[{"href":"https:\/\/bayernrockt-kaninchenhilfe.de\/wordpress\/wp-json\/wp\/v2\/pages"}],"about":[{"href":"https:\/\/bayernrockt-kaninchenhilfe.de\/wordpress\/wp-json\/wp\/v2\/types\/page"}],"author":[{"embeddable":true,"href":"https:\/\/bayernrockt-kaninchenhilfe.de\/wordpress\/wp-json\/wp\/v2\/users\/1"}],"replies":[{"embeddable":true,"href":"https:\/\/bayernrockt-kaninchenhilfe.de\/wordpress\/wp-json\/wp\/v2\/comments?post=31"}],"version-history":[{"count":17,"href":"https:\/\/bayernrockt-kaninchenhilfe.de\/wordpress\/wp-json\/wp\/v2\/pages\/31\/revisions"}],"predecessor-version":[{"id":2383,"href":"https:\/\/bayernrockt-kaninchenhilfe.de\/wordpress\/wp-json\/wp\/v2\/pages\/31\/revisions\/2383"}],"wp:attachment":[{"href":"https:\/\/bayernrockt-kaninchenhilfe.de\/wordpress\/wp-json\/wp\/v2\/media?parent=31"}],"curies":[{"name":"wp","href":"https:\/\/api.w.org\/{rel}","templated":true}]}}