{"id":659,"date":"2024-02-12T06:20:47","date_gmt":"2024-02-12T05:20:47","guid":{"rendered":"https:\/\/www.bayernrockt-kaninchenhilfe.de\/wordpress\/?page_id=659"},"modified":"2024-05-02T11:40:35","modified_gmt":"2024-05-02T09:40:35","slug":"gesundheit","status":"publish","type":"page","link":"https:\/\/bayernrockt-kaninchenhilfe.de\/wordpress\/gesundheit\/","title":{"rendered":"Gesundheit"},"content":{"rendered":"\n<p>Notfallapotheke und Hilfsmittel<\/p>\n\n\n\n<h3 class=\"wp-block-heading\">Notfallapotheke<\/h3>\n\n\n\n<ul class=\"wp-block-list\">\n<li>Mittel bei Bl\u00e4hungen: Wirkstoff Simeticon (z.B. Sab Simplex, Lefax, oder Imogas)<\/li>\n\n\n\n<li>Kochsalzl\u00f6sung (u.a. zur Reinigung oberfl\u00e4chlicher Wunden oder verklebter Augen)<\/li>\n\n\n\n<li>Bepanthen Augen- und Nasensalbe (oberfl\u00e4chliche Wunden, leichte Bindehautentz\u00fcndung)<\/li>\n\n\n\n<li>Mittel zum Darmaufbau: Pro Pre Bac (st\u00e4rkt die Darmflora, insbes. Z.B. auch nach Antibiotikagabe)<\/li>\n\n\n\n<li>Schmerzmittel: Novalgin oder Metacam (Metacam f\u00fcr Hunde; hier ben\u00f6tigt man weniger vom Medikament selbst. Dar\u00fcber hinaus ist zu bedenken, dass der Stoffwechsel eines Kaninchens schneller arbeitet)<\/li>\n\n\n\n<li>Antiseptische Salben, z.B. Betaisodona<\/li>\n\n\n\n<li>Tee (Fenchel, Anis, K\u00fcmmel, Pfefferminz)<\/li>\n\n\n\n<li>Rodicare akut oder Herbi Colan (bei Verdauungsproblemen)<\/li>\n\n\n\n<li>Colosan (pflanzliches Medikament mit u.a. Bitterfenchel\u00f6l bei Bl\u00e4hungen)<\/li>\n\n\n\n<li>P\u00e4ppelbrei z.B. Critital care oder Herbi Care (wenn das Kaninchen nicht von alleine frisst)<\/li>\n\n\n\n<li>Traumeel Tabletten (hom\u00f6opathisches Mittel \u2013 bei Schmerzen und Entz\u00fcndungen)<\/li>\n<\/ul>\n\n\n\n<h3 class=\"wp-block-heading\">Hilfsmittel<\/h3>\n\n\n\n<ul class=\"wp-block-list\">\n<li>Waage (Bei manchen Kaninchen ist eine regelm\u00e4\u00dfige Gewichtskontrolle n\u00f6tig.)<\/li>\n\n\n\n<li>Krallenschere (zum K\u00fcrzen der Krallen; wenn man sich das ein paar Mal beim Tierarzt zeigen hat lassen, kann man die Krallenpflege auch selbst durchf\u00fchren. Sollte man es sich nicht zutrauen, kann man dies durchaus beim Tierarzt durchf\u00fchren lassen. Je mehr Buddelm\u00f6glichkeiten die Kaninchen jedoch haben, umso weniger muss man mit der Krallenschere \u201enacharbeiten\u201c.)<\/li>\n\n\n\n<li>Fieberthermometer<br>Fieber und Untertemperatur sind als Notfall anzusehen und man darf sich nicht scheuen auch nachts einen Tierarzt\/Tierklinik aufzusuchen.<\/li>\n\n\n\n<li>B\u00fcrste\/Kamm<br>Hier werden Metallk\u00e4mme (insbesondere f\u00fcr Angorakaninchen) empfohlen, da diese sich nicht statisch aufladen. Je nach Felltyp sind die B\u00fcrsten in unterschiedlichen Breiten erh\u00e4ltlich.<\/li>\n\n\n\n<li>Pinzette (z.B. zum Entfernen von Zecken oder Fremdk\u00f6rpern)<\/li>\n\n\n\n<li>Einmalspritzen in verschiedenen Gr\u00f6\u00dfen, ohne Kan\u00fclen (zur Verabreichung von Medikamenten zum Beispiel)<\/li>\n\n\n\n<li>P\u00e4ppelspritze (falls das Kaninchen bei der Nahrungsaufnahme unterst\u00fctzt werden muss)<\/li>\n\n\n\n<li>W\u00e4rmepad oder Rotlichtlampe<\/li>\n\n\n\n<li>K\u00fchlpad<\/li>\n\n\n\n<li>Einmalhandschuhe<\/li>\n\n\n\n<li>Kosmetikt\u00fccher (z. B. zur Ohrreinigung)<\/li>\n\n\n\n<li>Babyreinigungst\u00fccher<\/li>\n<\/ul>\n\n\n\n<p><\/p>\n\n\n<div class=\"printfriendly pf-button  pf-alignright\">\n                    <a href=\"#\" rel=\"nofollow\" onclick=\"window.print(); return false;\" title=\"Printer Friendly, PDF & Email\">\n                    <img decoding=\"async\" class=\"pf-button-img\" src=\"https:\/\/cdn.printfriendly.com\/buttons\/print-button.png\" alt=\"Print Friendly, PDF & Email\" style=\"width: 66px;height: 24px;\"  \/>\n                    <\/a>\n                <\/div>\n","protected":false},"excerpt":{"rendered":"<p>Notfallapotheke und Hilfsmittel Notfallapotheke Hilfsmittel<\/p>\n","protected":false},"author":1,"featured_media":0,"parent":0,"menu_order":65,"comment_status":"closed","ping_status":"closed","template":"","meta":{"footnotes":""},"class_list":["post-659","page","type-page","status-publish","hentry"],"_links":{"self":[{"href":"https:\/\/bayernrockt-kaninchenhilfe.de\/wordpress\/wp-json\/wp\/v2\/pages\/659","targetHints":{"allow":["GET"]}}],"collection":[{"href":"https:\/\/bayernrockt-kaninchenhilfe.de\/wordpress\/wp-json\/wp\/v2\/pages"}],"about":[{"href":"https:\/\/bayernrockt-kaninchenhilfe.de\/wordpress\/wp-json\/wp\/v2\/types\/page"}],"author":[{"embeddable":true,"href":"https:\/\/bayernrockt-kaninchenhilfe.de\/wordpress\/wp-json\/wp\/v2\/users\/1"}],"replies":[{"embeddable":true,"href":"https:\/\/bayernrockt-kaninchenhilfe.de\/wordpress\/wp-json\/wp\/v2\/comments?post=659"}],"version-history":[{"count":4,"href":"https:\/\/bayernrockt-kaninchenhilfe.de\/wordpress\/wp-json\/wp\/v2\/pages\/659\/revisions"}],"predecessor-version":[{"id":1641,"href":"https:\/\/bayernrockt-kaninchenhilfe.de\/wordpress\/wp-json\/wp\/v2\/pages\/659\/revisions\/1641"}],"wp:attachment":[{"href":"https:\/\/bayernrockt-kaninchenhilfe.de\/wordpress\/wp-json\/wp\/v2\/media?parent=659"}],"curies":[{"name":"wp","href":"https:\/\/api.w.org\/{rel}","templated":true}]}}